
Calculate the highest common divisor of 834 and 6.
6
Calculate the highest common factor of 1925 and 77.
77
Calculate the greatest common factor of 36849 and 426.
213
Calculate the highest common divisor of 154 and 70.
14
What is the greatest common factor of 116 and 1334?
58
What is the highest common factor of 16 and 592?
16
Calculate the highest common factor of 252 and 700.
28
Calculate the greatest common divisor of 3090 and 90.
30
What is the highest common divisor of 165 and 45?
15
What is the greatest common factor of 32 and 724?
4
Calculate the greatest common factor of 564 and 84.
12
Calculate the highest common divisor of 378 and 14.
14
Calculate the highest common factor of 17 and 306.
17
Calculate the highest common divisor of 76 and 5092.
76
Calculate the greatest common factor of 15 and 1345.
5
What is the highest common factor of 333 and 5439?
111
Calculate the highest common divisor of 48 and 2076.
12
What is the greatest common factor of 60 and 13980?
60
Calculate the greatest common factor of 132 and 324.
12
Calculate the highest common divisor of 344 and 48.
8
Calculate the greatest common divisor of 1550 and 800.
50
What is the highest common divisor of 144 and 324?
36
What is the greatest common divisor of 196 and 70?
14
Calculate the highest common factor of 192 and 996.
12
What is the highest common factor of 13810 and 30?
10
What is the highest common factor of 10 and 290?
10
Calculate the highest common factor of 416 and 26.
26
Calculate the highest common factor of 1664 and 26.
26
Calculate the highest common factor of 98 and 4802.
98
What is the highest common factor of 649 and 11?
11
Calculate the highest common divisor of 24 and 21544.
8
Calculate the greatest common factor of 400 and 32.
16
What is the greatest common divisor of 135 and 75?
15
Calculate the highest common factor of 273 and 462.
21
What is the highest common divisor of 3731 and 91?
91
What is the highest common divisor of 1027 and 13?
13
Calculate the greatest common factor of 8 and 554.
2
Calculate the greatest common divisor of 5298 and 6.
6
Calculate the highest common divisor of 150 and 405.
15
What is the highest common divisor of 435 and 3654?
87
What is the highest common divisor of 98 and 14?
14
Calculate the highest common divisor of 225 and 50.
25
Calculate the highest common factor of 80 and 5710.
10
What is the greatest common factor of 64 and 35808?
32
Calculate the highest common factor of 194 and 29294.
194
Calculate the greatest common factor of 3 and 471.
3
Calculate the highest common factor of 83328 and 84.
84
Calculate the greatest common divisor of 3122 and 14.
14
Calculate the greatest common divisor of 57717 and 99.
99
Calculate the highest common divisor of 909 and 1919.
101
Calculate the highest common divisor of 11752 and 104.
104
What is the highest common divisor of 82 and 82?
82
Calculate the greatest common factor of 47 and 8.
1
What is the highest common factor of 28 and 175?
7
Calculate the greatest common factor of 12 and 1788.
12
Calculate the greatest common factor of 1260 and 1170.
90
Calculate the highest common divisor of 47 and 517.
47
Calculate the greatest common factor of 741 and 1083.
57
What is the greatest common divisor of 1261 and 117?
13
Calculate the greatest common factor of 160 and 4040.
40
What is the greatest common factor of 874 and 690?
46
What is the highest common divisor of 3965 and 26?
13
Calculate the highest common divisor of 341 and 44.
11
What is the greatest common divisor of 62 and 33604?
62
What is the highest common divisor of 51 and 30022?
17
What is the highest common divisor of 56 and 76?
4
What is the greatest common factor of 22 and 198?
22
Calculate the highest common divisor of 50 and 30.
10
Calculate the highest common divisor of 204 and 96.
12
What is the greatest common factor of 10 and 5710?
10
What is the highest common factor of 28 and 8204?
28
What is the highest common divisor of 25 and 337?
1
Calculate the highest common divisor of 544 and 160.
32
What is the highest common factor of 3022 and 4?
2
Calculate the greatest common divisor of 4995 and 6.
3
Calculate the greatest common factor of 4 and 69.
1
What is the greatest common factor of 664 and 830?
166
What is the greatest common divisor of 10016 and 32?
32
What is the greatest common factor of 2236 and 43?
43
What is the highest common factor of 215 and 172?
43
Calculate the greatest common divisor of 799 and 578.
17
Calculate the highest common factor of 11354 and 56.
14
What is the highest common factor of 20485 and 255?
85
What is the highest common factor of 37 and 4181?
37
What is the greatest common factor of 5 and 8615?
5
What is the greatest common factor of 12 and 372?
12
Calculate the greatest common divisor of 455 and 315.
35
Calculate the highest common divisor of 15946 and 402.
134
What is the greatest common divisor of 1098 and 180?
18
What is the greatest common factor of 84 and 16?
4
Calculate the greatest common factor of 4 and 68.
4
Calculate the highest common factor of 18843 and 165.
33
Calculate the highest common divisor of 58 and 754.
58
Calculate the highest common divisor of 224 and 31696.
112
What is the highest common factor of 120 and 384?
24
Calculate the greatest common factor of 4142 and 190.
38
What is the highest common divisor of 29458 and 286?
286
Calculate the highest common factor of 57 and 1672.
19
What is the greatest common factor of 5 and 7?
1
Calculate the highest common factor of 688 and 112.
16
Calculate the greatest common divisor of 1323 and 27.
27
What is the highest common divisor of 3010 and 2240?
70
What is the highest common divisor of 1295 and 1015?
35
Calculate the greatest common divisor of 552 and 2622.
138
What is the greatest common factor of 59 and 1003?
59
Calculate the highest common divisor of 198 and 54.
18
Calculate the greatest common factor of 666 and 74.
74
Calculate the highest common factor of 72 and 270.
18
What is the greatest common factor of 160 and 60?
20
What is the greatest common factor of 110 and 16610?
110
Calculate the greatest common factor of 28 and 18.
2
What is the highest common factor of 12 and 1122?
6
Calculate the greatest common divisor of 55 and 2795.
5
Calculate the highest common factor of 532 and 126.
14
Calculate the highest common factor of 34 and 391.
17
Calculate the highest common factor of 864 and 504.
72
What is the greatest common factor of 2233 and 1827?
203
What is the greatest common divisor of 69 and 1311?
69
Calculate the highest common divisor of 184 and 8.
8
Calculate the greatest common divisor of 28 and 1624.
28
Calculate the greatest common factor of 41 and 1189.
41
What is the highest common factor of 304 and 4?
4
Calculate the greatest common divisor of 15308 and 516.
172
Calculate the highest common divisor of 600 and 960.
120
What is the highest common factor of 837 and 18?
9
Calculate the highest common factor of 264 and 120.
24
Calculate the greatest common divisor of 20437 and 382.
191
Calculate the greatest common factor of 9348 and 228.
228
Calculate the greatest common factor of 285 and 17765.
95
What is the greatest common factor of 26977 and 53?
53
What is the highest common divisor of 490 and 1920?
10
Calculate the greatest common divisor of 18 and 49.
1
What is the highest common divisor of 31 and 217?
31
What is the highest common divisor of 144 and 72?
72
Calculate the greatest common divisor of 672 and 42.
42
What is the greatest common divisor of 40 and 580?
20
What is the greatest common divisor of 222 and 148?
74
What is the greatest common factor of 36 and 234?
18
Calculate the highest common divisor of 723 and 3.
3
Calculate the highest common divisor of 12 and 15240.
12
Calculate the highest common factor of 67 and 67.
67
Calculate the greatest common divisor of 9 and 906.
3
Calculate the highest common factor of 6552 and 91.
91
Calculate the greatest common divisor of 69 and 69.
69
What is the greatest common divisor of 11 and 1529?
11
What is the highest common divisor of 1025 and 123?
41
What is the highest common factor of 438 and 7227?
219
Calculate the highest common divisor of 1265 and 110.
55
What is the greatest common factor of 5148 and 819?
117
What is the highest